is the greatest common divisor of 12 and o?
6
Suppose 0 = -63*c + 15888 + 8808. What is the greatest common factor of 168 and c?
56
Let o(x) = -17*x**2 + 206*x + 75. Let g(y) = -8*y**2 + 101*y + 38. Let b(r) = -13*g(r) + 6*o(r). Let d be b(40). What is the highest common divisor of d and 8?
4
Suppose -4*z = -7*z + 201. Let k = z - 87. Let n be (k/25)/((-1)/15). What is the greatest common factor of n and 156?
12
Suppose 9*b + 91 = 406. Let p be (b/(-4))/(2/8). Let d be ((-30)/p)/((-2)/(-42)). Calculate the highest common divisor of d and 2.
2
Let f(w) = -2*w**2 - 6*w + 23. Let j be f(-5). Suppose 4*b = -4 + 12, j*g - 506 = -b. Calculate the highest common divisor of g and 72.
24
Suppose 0 = 3*j + 9, 4*l + 4*j = 198 - 14. What is the greatest common factor of l and 16?
1
Let t(q) = -46*q - 17. Let g be t(-1). Suppose -3*d - g*d = -8736. Calculate the greatest common factor of d and 21.
21
Suppose -3*b + 3723 = m - 0*b, 15 = -3*b. Suppose 4*k - m = -3*a, 30*a - 35*a - 4*k + 6222 = 0. What is the greatest common factor of a and 27?
27
Suppose 94*h - 144*h = -1829050. What is the highest common divisor of h and 157?
157
Let p = 5101 - 2157. Calculate the greatest common factor of 92 and p.
92
Let u be (-11)/(7*1/(-7))*2. Suppose -5*n - 5 = -0*n. Let f be n - 2*(-1 + -5). What is the greatest common factor of u and f?
11
Suppose 20*h - 25*h - 45 = 0. Let s be h/(-72) + 1918/16. Suppose -4*t + s = -t. Calculate the highest common factor of 100 and t.
20
Let c = 4 - -88. Suppose c + 18 = 5*x. Suppose -2*p = 2*n - 220, 5*p - 4*n - 50 = 500. Calculate the greatest common factor of x and p.
22
Let f(q) = q**3 + 3*q - 3. Let s be f(2). Suppose s = 5*i - 314. Suppose -46*o + 406 + 192 = 0. Calculate the highest common factor of o and i.
13
Let n(l) = -l**3 + 31*l**2 - 213*l + 72. Let f be n(21). Calculate the highest common divisor of 231 and f.
3
Let m = 154 + -150. Let w be (m*(-1)/3)/((-12)/180). Calculate the highest common divisor of 10 and w.
10
Let q be 25/(-10)*(-12)/15. Suppose -q*t = -5*t - 15, 3*a = -5*t + 104. Let w be 3 + 33/(-12) - a/(-4). What is the highest common factor of 66 and w?
11
Let g(h) = 4 + 5*h - 2 - h**2 - 26*h + 9*h. Let y be g(-12). Suppose -y*r + 2 = -14. Calculate the highest common factor of r and 40.
8
Let v = 6 - -6. Let p be ((-1)/(-2))/(0 + 2/v). Suppose -3*f - k + 73 = 0, -5*f - 6*k = -p*k - 115. What is the greatest common factor of 39 and f?
13
Suppose 0 = 33*g - 31*g - 24. Let k be (-12)/5*(-40)/g. Suppose -3*q = 4*f - 7*f + 3, 3*q = 4*f - k. Calculate the highest common divisor of 3 and f.
1
Suppose -3 + 23 = 4*a. Let h be (-2)/8*2 - 35/(-10). Suppose 125 + 25 = x - h*g, -766 = -a*x - g. Calculate the greatest common factor of 17 and x.
17
Suppose -23120*q - 342 = -23139*q. Let d be 3/5 - (-174)/10. What is the greatest common factor of d and q?
18
Let g(k) = 10*k**2 - 47*k + 109. Let n be g(5). Calculate the greatest common divisor of 14 and n.
2
Let o(u) = 664*u + 4166. Let y be o(-6). Calculate the greatest common factor of 2275 and y.
91
Let b be (-48)/32 - 51/(-6). Let v be (-31)/b + 48/(-84) - -27. What is the greatest common divisor of 242 and v?
22
Let h = 411 + -166. Calculate the greatest common divisor of 665 and h.
35
Let j be 7992/(-1776)*(0 - 5*4/9). Let h be (1 - 5)*80/(-1). What is the greatest common divisor of j and h?
10
Let k(n) = 2*n + 8. Let w be k(6). Suppose 2*m - 21 = 3*c, 3*m - 3*c = 28 + 11. Suppose -173 = -m*o + 43. Calculate the greatest common factor of w and o.
4
Suppose 88*v - 35629 = -566*v + 140951. Let p = 19 + -13. Calculate the highest common divisor of p and v.
6
Suppose 5*w + 2053 = 4*r - 3266, 0 = -5*w + 5. Calculate the highest common factor of r and 847.
121
Let s(i) = -i**3 - 5*i**2 + 20*i + 28. Let y(d) = -8*d**2 - 3*d + 3. Let t be y(1). Let g be s(t). Calculate the greatest common factor of g and 15.
15
Suppose 35*g - 20 = 30*g, -3*l - 2*g + 1196 = 0. Calculate the highest common factor of l and 77.
11
Let c(n) = -n + 14. Let y be c(6). Let w be y/(-68) - (-138)/17. Suppose w*g - 2*a - 22 = 3*g, 10 = 3*g + 2*a. What is the highest common divisor of g and 68?
4
Suppose 4*c - 6*c = 8. Let v be c + 12 + 6/(-2). Suppose 4*h + v*b - 484 = 0, -2*h - 121 = -3*h + 3*b. Calculate the greatest common divisor of 11 and h.
11
Let h(q) = -460*q - 331. Let k be h(-2). Calculate the greatest common divisor of 76 and k.
19
Let p be (-12)/(-18) - (-194)/6. Let t be 0/1*(-1)/(-2) + 3. Let o be 659/4 - t/(-12). Calculate the highest common factor of o and p.
33
Let i be (-1784)/(-14) + 62/(-2387)*-22. Calculate the highest common factor of 2192 and i.
16
Let x = 37 - 37. Suppose x = 3*g - 2*v + 173, 0*g + 5*g + 255 = -5*v. Let c = 61 + g. What is the highest common factor of 12 and c?
6
Suppose 0 = -2*y - 48*a + 46*a - 4, -4*y = 2*a + 2. What is the greatest common factor of y and 387?
1
Let n be 1876 + (250/10 - 11). Calculate the highest common factor of 216 and n.
54
Let g(c) be the third derivative of c**5/30 - c**4 + 61*c**3/3 + 2*c**2 + 74*c. Let m be g(11). What is the greatest common factor of m and 550?
50
Let r be (-58)/667 - (-40668)/46. Let n = r + -866. Calculate the greatest common factor of 30 and n.
6
Suppose 1 - 17 = -16*f. Calculate the greatest common divisor of f and 848.
1
Let l be 6/(-33) + 2732/22 + -4 + 6. Let t(g) = 19*g**2 + 4*g + 6. Let m be t(-4). What is the greatest common divisor of l and m?
42
Suppose 87*w - 64 = 4634. Let c be 12*(-5)/((-15)/54). What is the highest common factor of c and w?
54
Suppose -2*p = 2*n - 292, -3*n = -4*n + 3*p + 138. What is the greatest common divisor of 1044 and n?
36
Suppose -4*s - 36 = -9*s - 4*h, -3*s - 5*h = -19. Suppose -s*m + 3*m = -5, -4*i - 57 = 3*m. Let w = 114 + i. Calculate the greatest common divisor of 11 and w.
11
Let l = 6694 + -6675. Let w(b) = 20*b**2 + 3*b - 4. Let z be w(-4). What is the greatest common factor of l and z?
19
Let r be ((-20)/(-8))/((-2)/(-36)). Let m be (-290)/(-9) - 10/r. Let o = 570 - 566. What is the greatest common factor of m and o?
4
Let x(u) = u**3 - 2*u**2 + 5*u. Let r be x(4). Suppose 0*q + 2*q = 3*i + 69, -i + 120 = 3*q. Calculate the highest common factor of r and q.
13
Let y be ((-2)/4*-1)/(17/21488). Let c = y + -562. Calculate the highest common divisor of 126 and c.
14
Suppose -4*j - t = -37, 0*j + j - 5*t = 25. Let x(w) = 148*w - 3028. Let n be x(21). What is the highest common divisor of n and j?
10
Let p be (-4)/(-5)*150/20. Let c(m) = -p*m + 11*m + 3 + 4. Let a be c(13). What is the greatest common factor of a and 9?
9
Let p(x) = 6*x**2. Let a be p(-2). Let n be ((-2652)/7)/(-3) - 28/98. Suppose n = 4*u - 354. What is the greatest common divisor of u and a?
24
Suppose 55333*z = 55350*z - 2091. What is the greatest common divisor of z and 656?
41
Suppose 0 = -3*j - 5*j. Suppose 3*a - 6*a + 363 = j. Let w be a/44 - (-1)/4. Calculate the highest common factor of w and 3.
3
Let j(g) = -587*g + 627. Let r be j(1). What is the highest common factor of 6170 and r?
10
Suppose 6*d - 41 - 49 = 0. Let f be (-3)/d + (-1255)/50*-2. Suppose -3*q + 0*s = 2*s - 40, s = -4*q + f. What is the highest common divisor of q and 8?
4
Let g = -10206 + 10218. Let m = -145 - -253. What is the highest common factor of m and g?
12
Let l be 12*(3/2 + 0). Let o(c) = -7*c - 134. Let p be o(44). Let x = p - -469. What is the greatest common divisor of x and l?
9
Suppose 2*c = -2*r + 2251 - 691, -6*r = 5*c - 3903. Calculate the highest common divisor of c and 301.
7
Suppose 48*n = 72 - 24. Calculate the highest common divisor of 907 and n.
1
Let q(m) = 63*m**2 - 3*m + 3. Let z be q(1). Let g = z - 42. What is the highest common divisor of g and 357?
21
Suppose 0 = 2*g - 5*g + 153. Suppose 737*y + 346*y - 55233 = 0. What is the greatest common factor of y and g?
51
Let f(p) = 3*p**2 - 23*p + 69. Let z be f(4). Suppose 0 = 27*c + z*c - 12740. What is the highest common divisor of 140 and c?
35
Suppose -2*i + 2312 = 5*k, -13 = 4*k + i - 1859. Calculate the greatest common divisor of k and 3404.
92
Suppose 3*a - 3*d + 5*d - 23 = 0, 3*d - 27 = -3*a. Suppose -u + 0*r + 19 = 4*r, 0 = 5*u - a*r - 120. What is the highest common divisor of 1219 and u?
23
Suppose p = 5*l + 57, 5*l - 3*l = -p + 78. Suppose 0*z 